e
Does 39 divide 12796641?
True
Is 595 a factor of 503370?
True
Is 84 a factor of 1550388?
True
Does 15 divide 3480221?
False
Does 8 divide 62856?
True
Is 383946 a multiple of 14?
False
Is 463 a factor of 919981?
True
Is 9738 a multiple of 18?
True
Is 8 a factor of 389184?
True
Is 563 a factor of 2092030?
False
Is 5 a factor of 532944?
False
Does 98 divide 448056?
True
Is 27 a factor of 9631616?
False
Does 102 divide 772140?
True
Is 59 a factor of 12051871?
True
Is 98 a factor of 108682?
True
Is 387 a factor of 1145520?
True
Is 667527 a multiple of 239?
True
Is 2831050 a multiple of 205?
True
Does 25 divide 98717?
False
Does 133 divide 2235562?
False
Is 1378744 a multiple of 40?
False
Is 6273104 a multiple of 666?
False
Is 2203246 a multiple of 3?
False
Does 57 divide 4867230?
True
Is 6 a factor of 111776?
False
Is 13 a factor of 64688?
True
Is 11552598 a multiple of 27?
True
Does 11 divide 1193732?
False
Does 95 divide 8449110?
True
Is 539 a factor of 89422?
False
Is 202338 a multiple of 33?
False
Is 2660724 a multiple of 15?
False
Is 325 a factor of 569308?
False
Is 1927030 a multiple of 7?
True
Is 885276 a multiple of 28?
True
Does 13 divide 347731?
False
Is 40154 a multiple of 240?
False
Does 6 divide 67?
False
Is 1226360 a multiple of 860?
True
Is 648270 a multiple of 63?
True
Does 16 divide 1266232?
False
Does 140 divide 2587439?
False
Is 172256 a multiple of 7?
True
Is 64283 a multiple of 31?
False
Does 7 divide 91117?
False
Does 51 divide 54971?
False
Does 686 divide 7215555?
False
Is 1829585 a multiple of 79?
False
Is 1296413 a multiple of 19?
False
Is 21431 a multiple of 8?
False
Is 305 a factor of 933902?
False
Is 22316 a multiple of 4?
True
Is 44 a factor of 1663662?
False
Is 2978164 a multiple of 14?
True
Is 850130 a multiple of 302?
True
Does 8 divide 360601?
False
Is 58 a factor of 34477?
False
Does 13 divide 4635774?
True
Is 11 a factor of 2114684?
True
Does 831 divide 14898999?
True
Is 392448 a multiple of 8?
True
Does 126 divide 1138284?
True
Does 379 divide 245165?
False
Is 155 a factor of 63705?
True
Is 67962 a multiple of 3?
True
Is 9391499 a multiple of 169?
True
Does 3 divide 2709?
True
Is 1579 a factor of 31008921?
False
Is 15459415 a multiple of 2019?
False
Is 292 a factor of 4404571?
False
Is 77 a factor of 80179?
False
Is 158630 a multiple of 10?
True
Is 7017789 a multiple of 460?
False
Does 80 divide 427920?
True
Is 2182697 a multiple of 11?
True
Is 6508755 a multiple of 55?
True
Is 44 a factor of 12342?
False
Is 13292471 a multiple of 15?
False
Is 45 a factor of 103660?
False
Is 42 a factor of 148050?
True
Does 180 divide 524700?
True
Is 7 a factor of 14112?
True
Is 3448205 a multiple of 203?
False
Is 623 a factor of 11190003?
False
Is 200058 a multiple of 509?
False
Is 59658 a multiple of 17?
False
Does 208 divide 9337120?
True
Is 13 a factor of 697588?
False
Does 167 divide 152471?
True
Does 16 divide 110251?
False
Is 273207 a multiple of 2?
False
Is 10811142 a multiple of 87?
True
Is 7830 a multiple of 30?
True
Does 13 divide 1181102?
True
Does 176 divide 154176?
True
Does 80 divide 19561?
False
Does 35 divide 212721?
False
Does 29 divide 12355?
False
Is 308 a factor of 442291?
False
Does 51 divide 4288029?
True
Does 79 divide 5257292?
True
Does 292 divide 84972?
True
Is 5 a factor of 1369080?
True
Is 56 a factor of 382912?
False
Is 748805 a multiple of 240?
False
Is 166740 a multiple of 105?
True
Does 4 divide 68672?
True
Is 14 a factor of 9494804?
False
Does 26 divide 1739348?
True
Is 386 a factor of 506782?
False
Is 447540 a multiple of 4?
True
Is 652964 a multiple of 26?
True
Does 5 divide 4163794?
False
Is 9 a factor of 23319?
True
Is 9 a factor of 729846?
True
Is 1259207 a multiple of 335?
False
Is 19 a factor of 270302?
False
Is 12 a factor of 6960708?
True
Is 31 a factor of 606988?
False
Does 589 divide 448229?
True
Does 43 divide 57733?
False
Is 11552 a multiple of 19?
True
Does 6 divide 3973343?
False
Is 24 a factor of 76996?
False
Is 7 a factor of 4665430?
True
Is 132256 a multiple of 183?
False
Is 1068750 a multiple of 46?
False
Is 14210 a multiple of 406?
True
Is 7253160 a multiple of 24?
True
Does 3 divide 8049?
True
Does 46 divide 171074?
True
Is 243 a factor of 14490090?
True
Does 122 divide 54534?
True
Is 19 a factor of 178807?
False
Does 38 divide 437965?
False
Does 7 divide 385369?
False
Is 7 a factor of 1251733?
True
Is 285 a factor of 69540?
True
Is 11 a factor of 37213?
True
Is 312 a factor of 52728?
True
Is 108936 a multiple of 51?
True
Does 568 divide 446357?
False
Is 574588 a multiple of 14?
True
Is 7088924 a multiple of 18?
False
Is 180863 a multiple of 14?
False
Does 121 divide 3388185?
False
Does 9 divide 3657?
False
Does 18 divide 130176?
True
Is 432 a factor of 7040016?
False
Is 23 a factor of 432447?
False
Does 659 divide 2401430?
False
Is 651699 a multiple of 466?
False
Is 187 a factor of 698922?
False
Does 147 divide 51020?
False
Does 64 divide 10031458?
False
Does 18 divide 891?
False
Is 309656 a multiple of 648?
False
Does 59 divide 57289?
True
Is 194 a factor of 907726?
True
Does 17 divide 77256?
False
Is 169 a factor of 683377?
False
Is 136 a factor of 158655?
False
Does 20 divide 1718220?
True
Is 33 a factor of 1494240?
True
Is 193 a factor of 812337?
True
Does 234 divide 164034?
True
Does 12 divide 1393727?
False
Does 28 divide 308812?
True
Is 475968 a multiple of 201?
True
Is 20333 a multiple of 21?
False
Is 33655638 a multiple of 161?
False
Does 2 divide 721970?
True
Is 1244655 a multiple of 45?
True
Is 141775 a multiple of 535?
True
Is 510230 a multiple of 518?
True
Does 838 divide 1531809?
False
Does 960 divide 22288256?
False
Is 138722 a multiple of 139?
True
Is 851802 a multiple of 357?
True
Is 14 a factor of 359338?
True
Does 824 divide 32960?
True
Is 171647 a multiple of 31?
True
Is 1097442 a multiple of 276?
False
Is 4543968 a multiple of 1248?
True
Does 814 divide 4062575?
False
Is 1591639 a multiple of 1596?
False
Is 215 a factor of 241445?
True
Is 125 a factor of 24500?
True
Is 339232 a multiple of 24?
False
Is 60 a factor of 1589047?
False
Is 3687201 a multiple of 8?
False
Is 5390 a multiple of 245?
True
Does 23 divide 44413?
True
Is 11 a factor of 87462?
False
Is 1088079 a multiple of 35?
False
Is 355033 a multiple of 143?
False
Is 20 a factor of 1694388?
False
Does 257 divide 1421724?
True
Does 25 divide 3325505?
False
Is 6982337 a multiple of 89?
False
Does 6 divide 481638?
True
Does 116 divide 70644?
True
Does 1199 divide 7769520?
True
Does 173 divide 2707975?
False
Is 7316 a multiple of 98?
False
Does 48 divide 434217?
False
Is 418 a factor of 551760?
True
Does 118 divide 3109418?
True
Is 645333 a multiple of 43?
False
Is 199756 a multiple of 45?
False
Does 364 divide 347855?
False
Is 18 a factor of 328014?
True
Does 93 divide 228594?
True
Is 1114200 a multiple of 600?
True
Does 25 divide 15903300?
True
Does 5 divide 143349?
False
Is 593 a factor of 172070?
False
Is 29031 a multiple of 60?
False
Is 95 a factor of 217044?
False
Is 1130514 a multiple of 453?
False
Is 1209123 a multiple of 227?
False
Does 42 divide 130494?
True
Is 79 a factor of 287876?
True
Is 106 a factor of 229193?
False
Is 1565135 a multiple of 67?
False
Is 33 a factor of 274197?
True
Does 19 divide 1322930?
False
Is 28 a factor of 1635709?
False
Is 59 a factor of 1558072?
True
Is 854158 a multiple of 10?
False
Does 45 divide 149986?
False
Is 6 a factor of 170977?
False
Is 138 a factor of 1000310?
False
Is 75135 a multiple of 15?
True
Is 73558 a multiple of 28?
False
Does 129 divide 850755?
True
Does 45 divide 103455?
True
Does 6 divide 642?
True
Does 29 divide 1421187?
False
Does 170 divide 91929?
False
Is 286869 a multiple of 14?
False
Is 78 a factor of 1296079?
False
Is 40 a factor of 436384?
False
Is 103776 a multiple of 5?
False
Is 13590548 a multiple of 134?
True
Does 455 divide 384725?
False
Is 15 a factor of 216334?
False
Is 23 a factor of 170948?
False
Is 107902 a multiple of 6?
False
Is 14615902 a multiple of 23?
True
Does 88 divide 299376?
True
Is 4 a factor of 6701?
False
Is 51071 a multiple of 5?
False
Is 9 a factor of 13841?
False
Does 15 divide 4475779?
False
Is 1051305 a multiple of 545?
True
Is 30828 a multiple of 40?
False
Is 390 a factor of 68250?
True
Is 778218 a 